6*v**3 + v**2 - v - 6. Let g(f) = -f**3 + 1. Let u(x) = 2*a(x) + 11*g(x). Determine u(o).
3
Let q(p) be the third derivative of p**6/120 - p**4/12 - p**3/3 - p**2. Suppose 0*u = 2*u - 64. Let t be 11/(-9) - -1 - u/18. What is q(t)?
-6
Let q(k) be the first derivative of -2*k - 3/2*k**2 - 11 - 4/3*k**3 - 1/2*k**4. Calculate q(-2).
4
Let w be -2 - (10 + (-10)/2) - -3. Let m(v) = -v**3 - 4*v**2 + 2*v. Give m(w).
-8
Let k(u) = -u**3 - 2*u**2 - 2*u + 1. Let t(s) = -s**3 - 4*s**2 - 14. Let z be t(-5). Let c = 9 - z. What is k(c)?
5
Let k be (-2)/((-2)/19) - 35/7. Let h(y) = y**3 - 14*y**2 + y - 5. Give h(k).
9
Let t(k) be the third derivative of -k**6/120 + k**4/12 + k**3/6 + 161*k**2. Calculate t(-3).
22
Let r be -3*((-20)/(-12) + -2) + 47. Let p = 42 - r. Let l(s) = -4*s - 7. Let b(d) = -7*d - 14. Let h(m) = -3*b(m) + 5*l(m). Calculate h(p).
1
Suppose 0 = b - 3 - 1. Let i(v) be the first derivative of -5/2*v**2 + 0*v - 11 + 1/3*v**3. Calculate i(b).
-4
Let v(t) be the first derivative of 5*t + 1/2*t**3 + 1/12*t**4 + 2 - 3/2*t**2. Let q(x) be the first derivative of v(x). What is q(-4)?
1
Let m(n) = n**3 + 8*n**2 - n - 4. Let a be 8*1*3/((-27)/9). What is m(a)?
4
Let p(f) be the second derivative of 0 - 7/6*f**3 - 2/3*f**4 - 1/20*f**5 + 3*f**2 + 7*f. What is p(-7)?
6
Let h(o) be the second derivative of -o**5/20 - o**4/3 + 3*o**3/2 + 3*o**2/2 - 3*o. What is h(-6)?
21
Let m(h) = h**2 + 8*h + 8. Let o = -126 + 120. Give m(o).
-4
Let g(c) = -7*c**2 - 4*c - 19. Let z(i) = -6*i**2 - 5*i - 18. Let v(b) = -5*g(b) + 6*z(b). Give v(-7).
8
Let r(f) = -3*f**2 + 0*f**2 + 4 - 8 + 10*f + 2*f**2. Give r(8).
12
Suppose -35 + 3 = -8*y. Let a(z) = 4 - 11 - z - y. Determine a(-10).
-1
Let z = -908 + 905. Let s(j) = -j + 6. Let t(g) = g - 1. Let n(f) = s(f) + 3*t(f). Calculate n(z).
-3
Let u(a) = 5*a**2 - 2*a**2 + 4 - 2*a**2 + 7*a + 0*a**2. Let f(h) = h**2 + 2*h + 2. Let r be f(-2). Suppose 18 = -r*i - i. Determine u(i).
-2
Let c(j) be the first derivative of 9*j**2/2 + 9*j + 5. Let u(a) be the first derivative of -5*a**2/2 - 5*a + 27. Let r(x) = -6*c(x) - 11*u(x). Determine r(-6).
-5
Let x(h) be the first derivative of -3 + h - h**3 - 1/2*h**4 - h**2. Let j(d) = -d**2 + 2*d + 1. Let i be j(3). Give x(i).
9
Let m(u) = -2368*u + u**3 - 12 + 2377*u - 6*u**2 - 5. Determine m(5).
3
Let d(o) = 17*o - 39. Let h(b) = -3*b + 8. Let u(t) = 2*d(t) + 11*h(t). Let v(p) = 5*p + 42. Let s(y) = -9*u(y) + 2*v(y). Calculate s(3).
-3
Let b(p) = p. Let i(k) = 3*k + 1. Let a(y) = -5*b(y) + i(y). Let v be -3*4/4 - 16. Let q = v + 17. Calculate a(q).
5
Let u(k) = -7*k**2 + 2*k**2 + 3*k**2 + 2*k**2 + 1 + 10*k**3. Let v = 1 + -5. Let n = 5 + v. Give u(n).
11
Let z(t) = 234*t + 228*t + t**3 - 468*t - 7 - 7*t**2. What is z(8)?
9
Let r(k) = 3*k**3 + 10*k**2 + 16*k - 7. Let d(c) = 2*c**3 + 5*c**2 + 8*c - 3. Let l = 24 + -19. Let i(h) = l*d(h) - 3*r(h). Let o = 4 + 2. Determine i(o).
-6
Let i(y) = 5*y**2 - 11*y - 1. Let l(s) = 11*s**2 - 23*s - 1. Let j(u) = -13*i(u) + 6*l(u). Let x be 3/3 - (12 - 6). Determine j(x).
7
Let w(r) = 7*r**2 + r**3 - r - 6*r + r**2 + 11. Suppose 0 = 7*g - 4*g - l + 30, 5*g - 3*l = -54. Give w(g).
-7
Let a(v) = v**3 + 6*v**2 - v - 6. Let o(j) = -2*j - 8. Let c be o(-5). Suppose 15 = 3*g + c*g. Suppose 0 = -g*b + 5*i - 28, -2*b - 3*i = 2*i + 2. Give a(b).
0
Suppose -4 = 6*u + 44. Let j(k) = 32*k + 3. Let i(m) = -11*m - 1. Let s(g) = u*i(g) - 3*j(g). Give s(-1).
7
Suppose 4*s + j = -4, 0*s = -s + 4*j - 1. Let z(d) = -3656 + 3656 + 4*d**2. Give z(s).
4
Let v(j) = -15*j + 1. Let x(q) = -2*q. Let k be ((-2)/5)/(1/5). Let s(p) = k*v(p) + 14*x(p). Let t(a) = 4*a - 17. Let h be t(5). Determine s(h).
4
Let q(i) be the first derivative of i**2/2 - 4*i + 4. Suppose -16 = -3*n - 4*g + 4, 0 = 4*n - 2*g + 10. What is q(n)?
-4
Let r(y) = -y**2 - 17*y - 21. Suppose 41*o + 5*w = 38*o - 40, 5*o = -3*w - 72. What is r(o)?
9
Let x(j) = 72 - 38 - 35 - 25*j. Give x(-1).
24
Let b = 183 + -181. Let d(k) = k**2 - k + 1. Give d(b).
3
Let k(o) = -2*o - 6 + 1 + 1. Suppose 2*l + 20 = 5*q, -14 = -4*q - l + 3*l. Let b be ((-12)/8)/(-1 - q/(-4)). Calculate k(b).
2
Let c be (-30)/(-3) + 4*(-6)/6. Let r(s) = s**3 + 12*s**2 + 10*s - 11. Let i be r(-11). Let k(z) = 2*z**2 - 6 - z**3 + 4*z**2 + 2*z + i*z**2. Determine k(c).
6
Let r(v) be the first derivative of v**4/4 + v**2/2 + 29*v - 134. Calculate r(0).
29
Let t(p) = p**2 + 3*p + 4. Let f be (-23 - -19)*(-10)/(-8) + 5. What is t(f)?
4
Let y(h) = -4 + h + 4 + 1. Let i be y(1). Let x(w) = 2 - 2 - 3*w - 5 + 4. Determine x(i).
-7
Let i(z) = -9*z - 2. Let w be i(-1). Let r(a) = -a**3 + 6*a**2 + 9*a - 10. Calculate r(w).
4
Let m = 5 + -11. Let j be 23/5 + 14/35. Let k(r) = 0 + 12*r**2 - 13*r**2 - j*r - 1. What is k(m)?
-7
Let g(h) = 25*h**3 + 46*h**2 + h + 9. Let q(c) = 9*c**3 + 16*c**2 + 3. Let f(p) = -4*g(p) + 11*q(p). What is f(-8)?
29
Let f = 34 - 18. Suppose -4*u + 5*u - f = 0. Suppose -3*m + p + 12 = 0, 2*m - 2*p = 4*m - u. Let b(a) = a**3 - 6*a**2 + 3*a + 6. Calculate b(m).
-4
Let u(q) = -2*q - 20. Suppose 211*h - 210*h = 5*f + 31, -2*h - 15 = f. Give u(f).
-6
Let v(x) = -15*x - 267. Let n be v(-17). Suppose 2*f = -2*f + 24. Let z be (-20)/f*n/8. Let a(y) = -3*y + 3. Determine a(z).
-12
Let f be (7/(14/(-4)))/(-1). Suppose 6*s - 64 = s - f*x, -5*s - 5*x = -70. Let z(i) = -16*i + s*i + 6*i - 1. What is z(4)?
7
Suppose -4*k + 2 = -6. Let p(c) = 9 + 0*c - k*c + 3. What is p(9)?
-6
Suppose -4*n - r + 0*r = 5, -2*n - 2*r - 10 = 0. Let x(d) = d + 2097 - 2093 - 2*d. Let o be x(n). Let q(w) = -w**2 + 5*w. What is q(o)?
4
Let v(d) = -d**2 - 4*d. Let h(k) = -2*k**2 - 1. Let q be h(2). Let f = q - -10. Let p be f/(-1*(-4)/(-20)). Calculate v(p).
-5
Let j be 3/(-5) - 51/15. Let m(s) = -s - 4. Let p(a) = 1. Let o(v) = -m(v) + 5*p(v). Give o(j).
5
Suppose -2*x = -4*x + 6. Suppose 3*t - 5*t - 6 = 4*o, -15 = x*t + 3*o. Let g(f) = -f - 6. Let v(m) = -m - 6. Let y(k) = -4*g(k) + 3*v(k). Calculate y(t).
-1
Let k(r) = -r**2 - 6*r - 3. Suppose -3*w + 20 = 2*w. Suppose 6*l + 5*q + 25 = l, -2*q - 18 = w*l. Give k(l).
5
Let j be 1 + 5 - (31 + -25). Suppose y + 3 + 1 = j. Let c(b) = b**2 + 1 - 2*b**2 - b + 0. What is c(y)?
-11
Suppose 9*g - 23 = 4. Let m(y) = -1 + g*y - y - y - 4*y. Calculate m(1).
-4
Let l(w) = -5 - 2*w - 11*w**2 + 4 + 26*w**2 - 10*w**2. What is l(-1)?
6
Let k(c) = c**3 - 6*c**2 + 6*c - 4. Let v be k(5). Let p(i) = 2*i**2 + 3*i - 8. Let y(w) = 1. Let a(q) = v*p(q) + 6*y(q). Calculate a(-3).
7
Let f = 52 - 93. Let d = -46 - f. Let w(s) = -s - 4. Determine w(d).
1
Let i(h) = -120 + 2*h + 4*h**2 + h - 3*h**3 + 117 - h + 2*h**3. What is i(3)?
12
Let o(w) = 2*w - 8. Let d be o(6). Let m(v) = 7*v**2 - 8*v - 5. Let u(k) = -2*k - 5*k + 4*k**2 + 7*k**2 - 5*k - 8. Let f(s) = -8*m(s) + 5*u(s). What is f(d)?
0
Let c(p) = p - 7. Let b be (35/(-10) - -2) + 11/2. Let w be c(b). Let d(m) = 2*m**2 + 2*m - 3. What is d(w)?
9
Let c = 74 + -77. Let v(p) = 2*p**3 + p**2 - 4*p - 4. Determine v(c).
-37
Suppose -2*l = 3*l. Let s(p) be the first derivative of p**4/4 - p**3/3 - 11*p - 89. What is s(l)?
-11
Let w = 1410 - 1413. Let g(f) = -7*f - 2. Determine g(w).
19
Let l(u) = 4*u**2 + 8*u + 5. Let k be l(-2). Let o(h) be the third derivative of -h**4/24 - h**3/6 - 3*h**2. Calculate o(k).
-6
Let y be -2 - (2 + (-1 - 1)). Let p(u) be the second derivative of 2*u + 2/3*u**3 + u**2 + 0. Give p(y).
-6
Let v(r) = 4*r + r - 8 - 2 - 1 - 11. Give v(6).
8
Let d(l) = 2*l - 4. Let q(o) = 2*o**2 + 7*o - 11. Let n be q(-5). Determine d(n).
4
Let m be (20/(-25))/((-4)/90). Suppose -i = -3*q - 0*i + 1, 2*i = -4*q + m. Let x be q - (-1 - (1 - 7)). Let u(a) = a**3 + 2*a**2 - 2*a - 3. Calculate u(x).
-6
Let x be (0 - (0 + 2)) + 2. Let l(u) = x*u**2 - 6*u**2 + 3*u**3 + 1 - 2*u**3. What is l(6)?
1
Let y(h) = -6*h + 8. Let a(x) = -10*x + 6. Let c(o) = 9*o - 7. Let v(r) = 2*a(r) + 3*c(r). Let b(m) = -3*v(m) - 4*y(m). Give b(7).
16
Let y(n) = -5*n**2 - 524 - 11*n - n**3 - 6*n**2 + 515. Calculate y(-10).
1
Let f(l) = -l**2 - l - 5. Suppose -4 = 2*y - k + 5, 0 = 5*y + 5*k. Determine f(y).
-11
Let h(v) be the first derivative of -1/4*v**4 + 3 - v + 0*v**2 + v**3. Let q = -542 + 544. Calculate h(q).
3
Let b = 655 - 648. Let a(o) = -4*o**2 + 26*o + 2. Determine a(b).
-12
Let a(m) be the first derivative of 